d = -11 + 13. Suppose 0 = d*m + 5*x - 543, 392 = -5*m - 2*x + 1718. What are the prime factors of m?
2, 3, 11
Let k = 57 - 52. Suppose 5*l = -k*q + 1535, -3*l + 925 = -4*q + 5*q. Suppose 0 = -6*t + 87 + l. What are the prime factors of t?
2, 3, 11
Suppose d - 281 = 15*c - 11*c, -4*d - 3*c = -1067. Let v = -161 + d. List the prime factors of v.
2, 3
Let u = -16818 + 42846. List the prime factors of u.
2, 3, 241
Suppose -14 = -13*g + 38. Suppose 3*x - 2052 = 5*l, 5*x + g*l - 3914 + 531 = 0. List the prime factors of x.
7, 97
Let q(k) = 14*k**2 - 6*k - 28. Let p be q(-7). Let a = 1417 - p. What are the prime factors of a?
3, 239
Let m(d) = d**2 + 9*d + 22. Let v be m(-6). Suppose k - g - 4*g = 21, 2*k + v*g - 56 = 0. What are the prime factors of k?
2, 13
Let q(y) = 30*y**2 - 9*y + 17. Let a be q(2). Let n = a - 110. What are the prime factors of (n/(-12))/((-4)/512)?
2, 3
Let f be (0/(-4) - 4) + 1 + -849. Let n = -402 - f. List the prime factors of n.
2, 3, 5
Let h be -62*(9/(-6))/(21 - 22). Suppose -5*d - 53 = -k, -d + 2*k - 5 = 11. Let t = d - h. What are the prime factors of t?
83
Let t(r) = r**3 - 7*r**2 + 4*r - 24. Suppose -8*y + 4*y + 32 = 2*m, -4*y = 3*m - 34. Let x be t(y). List the prime factors of (-193)/(-2) + (-2)/x.
2, 3
Suppose 113*d - 110*d = 627. Suppose -1181 = -3*m + 4*q, -m + 174 = -4*q - d. List the prime factors of m.
3, 7, 19
Suppose -4*l + 2*u + 28 = 0, 4*l = u - 6*u. Suppose 2*a - l*a + 147 = 0. Suppose -3*n + 439 - a = 0. List the prime factors of n.
2, 5, 13
Let b(k) = -936*k - 258. List the prime factors of b(-10).
2, 3, 37, 41
Let s(c) = -6*c**2 - 26*c - 3 + 4*c**2 + 5*c + 14*c**2. What are the prime factors of s(3)?
2, 3, 7
Let p = -19017 + 31241. What are the prime factors of p?
2, 191
Suppose -12 = 3*m - 36. Suppose i - 13 = -3*n, 2*n + 35 = 2*i + 1. What are the prime factors of (-2)/m - (-244)/i?
3, 5
Suppose -2628122 + 178682 = 685*k - 741*k. What are the prime factors of k?
2, 3, 5
Let a(m) = m**3 + 6*m**2 - 8*m + 20. Let z be a(5). List the prime factors of (-34)/z - (-5882)/15.
2, 7
Let r be (6 - -14)/5*1. Suppose r*q = 32 + 904. What are the prime factors of q?
2, 3, 13
Suppose -x + 6*x + 1184 = 4*h, 4*x = -h + 317. Suppose -19320 = h*b - 311*b. List the prime factors of b.
2, 3, 7, 23
List the prime factors of -4 + 39197 - (10/(-10))/(3/(-18)).
149, 263
Let d(x) = 2*x**3 - 45*x**2 - 13*x - 32. Let o be d(22). Let m = o + 1126. List the prime factors of m.
2, 3
Suppose -20*j - 501300 = 7*j - 47*j. What are the prime factors of j?
3, 5, 557
Suppose -3*y + 0*c + c = -139, 5*y + c = 245. Let i = -20 - -71. Let d = i - y. List the prime factors of d.
3
Let o = 9 + -5. Let a be 2/(o/(-6)) - (1 - 226). Suppose 4*v - a = v. List the prime factors of v.
2, 37
Let a(k) = 84*k**3 - 5*k**2 + 44*k + 45. List the prime factors of a(9).
2, 3, 23, 37
Suppose -3*d + 2994 = 384. Suppose -81*m = -87*m + d. What are the prime factors of m?
5, 29
What are the prime factors of 20424 - (18 - (18 + 13))?
107, 191
Let r(o) = -2 + 481*o - 255*o - 59*o - 3. What are the prime factors of r(4)?
3, 13, 17
Let o(j) = 4*j**2 - 12*j. Let x be o(3). Let t be 2 + 142 + x + -4 + 5. Suppose -t = -4*g - 29. List the prime factors of g.
29
Let g = -2557 - -9149. List the prime factors of g.
2, 103
Let p(w) be the first derivative of w**4/12 - 2*w**3/3 - 10*w**2 + 5*w - 5. Let s(q) be the first derivative of p(q). List the prime factors of s(8).
2, 3
Let s(i) = 247*i**3 - 4*i**2 + 22*i - 11. List the prime factors of s(3).
2, 11, 19
Suppose 23 = -3*n + 11, 4*v - 4*n + 16 = 0. Let j(y) = -34*y + 93. List the prime factors of j(v).
5, 73
Let a(l) = -l**2 - 10*l - 15. Suppose -2*h + 36 = -6*h. Let t be a(h). What are the prime factors of (4/t - 0)/(2/(-114))?
2, 19
Let p(y) = 2*y**2 + 8*y + 3. Let z be p(-6). Suppose 0 = -3*u - 6*u + z. Suppose -u*k - 4*d + 100 = -42, 110 = 3*k - 4*d. What are the prime factors of k?
2, 3, 7
Suppose -13*y = -121*y - 82*y + 1001110. What are the prime factors of y?
11, 479
Let d(t) = -t**3 + 8*t**2 + 7*t + 18. Let s be d(-8). Suppose -2*q + 4*m = -1966, -q + 2*q - s = -m. What are the prime factors of q?
5, 197
Let p(c) = -7*c**2 - 18*c - 25. Let r(z) = 3*z**2 + 9*z + 13. Let u be (-3 - (-52)/20)/(2/20). Let y(i) = u*p(i) - 9*r(i). List the prime factors of y(12).
19
Let h be -1 + 5 - (-31 - -33). Suppose 2*x = 6*x - 3*f - 712, -3*f = h*x - 356. What are the prime factors of x?
2, 89
Let f = 11566 - 6789. List the prime factors of f.
17, 281
Suppose -21*s + 4*s + 17 = 0. What are the prime factors of ((-69948)/87)/(((-2)/1)/s)?
2, 3, 67
What are the prime factors of 7*(-130)/35 + 38396?
2, 3, 5, 1279
Suppose 1130 = 4*o - 10686 - 43972. What are the prime factors of o?
3, 4649
Let x(l) = 16790*l - 3563. List the prime factors of x(3).
46807
List the prime factors of 9 - -11230 - 3*(2 + -2 - -1).
2, 53
Let u be (-44)/198 - (-29)/9. Suppose 9 = u*i, 6*i = p + i - 437. List the prime factors of p.
2, 113
Let s be (-1 - (-11)/9) + 101160/405. Let z = s + 124. List the prime factors of z.
2, 11, 17
Let a(v) = -2*v**2 - 219*v + 1073. What are the prime factors of a(-107)?
2, 3, 67
Let a(c) = -c**3 + 102*c**2 + 82*c - 693. What are the prime factors of a(101)?
2, 3, 5, 593
Suppose -5*i + 9*i + 4*z = -13932, -i = -3*z + 3483. Let b = -2022 - i. What are the prime factors of b?
3, 487
Let h = 101137 + -58981. List the prime factors of h.
2, 3, 1171
Let i(b) = 2*b**2 + 17*b - 8. Let d(o) = -2*o**2 - 17*o + 7. Let z(c) = -5*d(c) - 4*i(c). Let a = -2022 - -2008. List the prime factors of z(a).
151
List the prime factors of 1767741/209 - (-5)/(-55).
2, 4229
Suppose -29767 = 6*q - 78319 - 34164. What are the prime factors of q?
2, 61, 113
Suppose 200*n = 514*n - 12969456. What are the prime factors of n?
2, 3, 1721
Let q = 3249 - 1213. What are the prime factors of q?
2, 509
Let s = -48 + 44. Let y be 5/((s/(-8))/((-1)/(-2))). Suppose 0 = -y*l - 3*n + 519, -3*l - 4*n - n + 305 = 0. What are the prime factors of l?
3, 5, 7
Let u(i) = i**3 + 7*i**2 + 4*i + 9. Let a be u(-7). Let j be (a/(-38))/(1/10). Suppose j*x - 9*x = -628. List the prime factors of x.
157
Suppose 0 = 152*o - 215*o + 109683. What are the prime factors of o?
1741
Let v(h) = -h**3 + 178*h**2 + 5*h - 542. List the prime factors of v(177).
2, 37, 107
Suppose -61*m = -13*m - 68304. What are the prime factors of m?
1423
Suppose 180 = -12*i - 0. Let a be (-10)/75 + 28/i - -3. Let l(s) = -3*s + 7. List the prime factors of l(a).
2
Let o = -61 - -100. Let j = o - 187. Let t = j - -314. List the prime factors of t.
2, 83
Suppose 4*v - 13 + 1 = 0. Suppose -2*k = v*k - 10. Suppose 0 = -2*p - k, 179 = 4*m + 3*p - 10. What are the prime factors of m?
2, 3
Suppose -32*i - 9*i + 274164 = -10*i. What are the prime factors of i?
2, 3, 11, 67
Suppose -22*s - 4312 = -36*s. Let v be ((-216)/1)/(-1) + -1. Let a = s - v. What are the prime factors of a?
3, 31
Let b(s) = 181*s**2 + 6886*s - 110. List the prime factors of b(-45).
5, 43, 263
Let h be (-612)/45 - (105/(-25))/7. List the prime factors of -2 + (-30)/((6/6)/h).
2, 97
Let c(y) = 59*y**2 - 1 + 6 - 6*y - 58*y**2 - 1. Let n be c(6). Suppose b - 4*b = -n*g - 649, 446 = 2*b + 4*g. What are the prime factors of b?
3, 73
Let s = -79664 + 115436. List the prime factors of s.
2, 3, 11, 271
Suppose 64*m - 18*m - 593860 = 0. What are the prime factors of m?
2, 5, 1291
Suppose 5*t - 2*h = 30035, 2*h - 11641 - 12369 = -4*t. List the prime factors of t.
5, 1201
Let d be 26/7 + (-2)/(-7). Suppose d*l - 61 = 87. Suppose 69 + l = 2*z. What are the prime factors of z?
53
Let m = 4890 + 12513. List the prime factors of m.
3, 5801
Let a = 25 + -20. Let w be 0/(-2 + 3) + a. List the prime factors of (-2 - -7)*1/w*3.
3
Let b(m) = -1792*m - 4208. What are the prime factors of b(-31)?
2, 3209
Let f = -31726 - -58440. What are the prime factors of f?
2, 19, 37
Suppose -n + 8 = 3*n. Let i(v) = 10*v**2 - 6*v + 8. What are the prime factors of i(n)?
2, 3
Let h = 1371 - 867. What are the prime factors of (4 - (5 - 2))/(8/h)?
3, 7
Let w = 61 + -64. Let n be ((-302)/w)/(20/30). Suppose 0 = -3*y - 5*c + 534, 3*y - 3*c + n = 661. List the prime factors of y.
173
Let p(n) = -148*n**3 + 10*n**2 - 6*n + 23. Let b be p(-5). Suppose 0 = -23*g + b + 3714. List 